uppose -z = -4*z + 387. What is the remainder when z is divided by y?
30
Suppose 3*g + 4*q = 55 - 20, 5*g - 51 = -3*q. Suppose 3*r - 21 + 9 = 0. What is the remainder when g is divided by r?
1
Suppose -3*b = b. Suppose 3*u + p + p - 187 = b, -5*p + 315 = 5*u. Suppose -2*f = 4*m - 10, 3*m + u = 5*f + m. What is the remainder when 32 is divided by f?
10
Let f(u) = 18*u**2 + 1. Let d(l) = -l**3 - 17*l**2 - 2*l + 4. What is the remainder when f(2) is divided by d(-17)?
35
Suppose s + 1 = -j + 3, j + 4 = 2*s. Let o = 16 - s. Calculate the remainder when 30*(2 + (-6)/9) is divided by o.
12
What is the remainder when 215 is divided by 261/36*(-5)/((-15)/24)?
41
Calculate the remainder when (39 - 37)/(4/274) is divided by 47.
43
Let l(h) = -h**3 - 6*h**2 + 15*h - 7. Let p = 1 - -4. Suppose p*j = r - 1, -j = -2*j. Calculate the remainder when l(-8) is divided by r.
0
Suppose -2*f + 384 = 4*k - 0*f, k = -3*f + 106. Suppose -6*g - k = -8*g. Calculate the remainder when g is divided by 8.
7
What is the remainder when 179 is divided by ((-1)/(-4))/(43/7568)?
3
Suppose -240 + 1 = -3*n - 4*z, -321 = -4*n - 3*z. What is the remainder when 496 is divided by n?
10
Suppose 22*a = -0*a + 198. Let r(z) = 8*z**2 + 1. Calculate the remainder when r(2) is divided by a.
6
Let y = 17 + -14. Suppose y*w = 13 + 5. What is the remainder when 9 is divided by w?
3
Let l = -12 + 28. Let d(p) = -p**3 + 7*p**2 + 11*p - 14. What is the remainder when d(7) is divided by l?
15
Calculate the remainder when (-2 - -3)/(104/100 - 1) is divided by 14*(-2)/16*-4.
4
Let c(f) = 4*f - 79. Suppose 0 = -2*l - 5*g + 50, l - 19 - 6 = g. Calculate the remainder when c(l) is divided by 11.
10
Let v = -859 + 881. Calculate the remainder when 146/4 + 2/(-4) is divided by v.
14
Let p(i) be the second derivative of 0 + 0*i**3 + 1/20*i**5 + 9*i**2 - 2*i + 7/6*i**4. Calculate the remainder when 34 is divided by p(-14).
16
Let m(n) be the first derivative of n**2/2 - n + 2. Suppose v - 2*v = 5*r - 9, 11 = 4*v - 5*r. What is the remainder when 10 is divided by m(v)?
1
Let s = 23 + -5. Let l(w) = w**3 - 17*w**2 - 19*w + 24. What is the remainder when 23 is divided by l(s)?
5
Let b(p) = 3*p**2 + 2. Let t be -2 + 1 - 1 - 0/49. Calculate the remainder when 25 is divided by b(t).
11
What is the remainder when 43 is divided by -5 - (50/20)/((-1)/10)?
3
Let a = 1000 - 936. Calculate the remainder when a is divided by 49.
15
Suppose n + 54 = 2*z + 120, -4*n + 2*z = -294. Calculate the remainder when 242 is divided by n.
14
Let n be (-8)/(-4 - -8) + 2. Let q(z) = z**3 - 2*z**2 + z + 17. What is the remainder when 50 is divided by q(n)?
16
Let d(v) be the first derivative of 2*v**3/3 - 13*v**2/2 + v - 10. What is the remainder when d(10) is divided by 25?
21
Let u be 20/110 - 838/11. Let p = 101 + u. What is the remainder when 71 is divided by p?
21
Let b = 25 - 3. What is the remainder when 1214/24*3 - 2/(-8) is divided by b?
20
Calculate the remainder when 115 is divided by (5*270/75)/(1 + 1).
7
Let a = -7 - -3. Let o = -1 - a. Let c = 106 + -95. What is the remainder when c is divided by o?
2
Let n = 33 - 26. Let m = n + -2. What is the remainder when 13 is divided by m?
3
Let y = -2879 + 3094. Calculate the remainder when y is divided by 37.
30
Let w = -36 + 47. Suppose -7 + 28 = k. Calculate the remainder when k is divided by w.
10
Suppose 5*l - 76 = g, -4*l - 3*g + 44 = -2*l. Let b = -152 - -159. Suppose b*w - 3*w - 116 = 0. What is the remainder when w is divided by l?
13
Calculate the remainder when 66 is divided by 41 - 16 - 6/9*6.
3
Let c be -6 + 2 + -1 + -2. Let f = c + 9. Suppose -3*y + 8 - f = 0. What is the remainder when 8 is divided by y?
0
Suppose -5*w + 66 = 2*u, 5*u - 32 = -w - 5. Calculate the remainder when 56 + (5 - 3) + 0 is divided by w.
10
Suppose 0 = 19*f - 24*f + 40. Calculate the remainder when 50 is divided by f.
2
Suppose l - 225 = -2*j, 6*j + 2*l - 230 = 4*j. Calculate the remainder when j is divided by 34.
8
Let v = 192 + -186. Calculate the remainder when 37 is divided by v.
1
Suppose 4*f + 3*d + 10 = -3, 0 = d + 3. Let j(w) = -93*w**3 + w + 1. What is the remainder when j(f) is divided by 25?
18
Let h(n) = n - 10. Let b be h(12). Suppose 85 - 7 = b*u. Calculate the remainder when u is divided by 1 + -1 + (0 - -21).
18
Suppose 15 = -t + 51. Calculate the remainder when 115 is divided by t.
7
Let n(d) = 2*d - 16. Let x be n(11). What is the remainder when (1 + 21)*15/6 is divided by 9/x*((-140)/3)/(-5)?
13
Suppose -10 = -9*r + 4*r. Suppose -r*j = j - 78. What is the remainder when 51 is divided by j?
25
Suppose 171 = 4*f - 29. What is the remainder when 163 is divided by f?
13
Calculate the remainder when 177 is divided by (1 - 16/10)/(1/(-10)).
3
Let l be ((-2)/7)/(11/(-77)). Let n(i) = -3*i. Calculate the remainder when -32*(-4)/(16/l) is divided by n(-2).
4
Let b = -5 + 18. Suppose 5*t - 6 = 29. Suppose 4*a - 9 = t. Calculate the remainder when b is divided by a.
1
Calculate the remainder when 65 is divided by (10/(-4) + 2)*(-7 + -37).
21
Let c(i) = -i**3 + 3*i**2 + 6*i - 3. Calculate the remainder when (-4)/(-10) + 1/((-40)/(-504)) is divided by c(4).
3
Calculate the remainder when 882/10 - (6 - (-58)/(-10)) is divided by 25.
13
Let u = 26 + -12. Let b = -54 - -80. Calculate the remainder when b is divided by u.
12
Let m = -5 + 12. Suppose -3*t = -5 - m. Let u = 28 + -18. What is the remainder when u is divided by t?
2
Let s be (-4)/6 + 35/(-15) - 1. Let n(r) = -21*r - 22. Calculate the remainder when n(s) is divided by 25.
12
Let c = 122 + -69. Suppose 0 = 2*d - 11 + c. Calculate the remainder when 14 is divided by ((-24)/(-10))/(d/(-70)).
6
Suppose -4*r + 17 = 4*u - 39, -4*u - 56 = -4*r. Suppose 3*p = 132 + 108. Calculate the remainder when p is divided by r.
10
Suppose 2*d = 2*f + 2, -f - 2*d - d - 5 = 0. Calculate the remainder when 57 is divided by 4*(f - 69/(-12)).
12
Suppose -p - 2*a = -24, 5*p + a = 2*p + 67. Suppose -p = 3*u - 106. Calculate the remainder when u is divided by 5.
3
Suppose 2*t - 60 = 30. Let v(p) = 48*p. Let h be v(-1). What is the remainder when t is divided by h/(-15)*1*5?
13
Suppose -5*i - 145 = -0*i. Let z = 42 + i. Calculate the remainder when 35 is divided by z.
9
Suppose -14*j + 15*j = 0. Suppose 4*y - 216 - 184 = j. Calculate the remainder when y is divided by 15.
10
Let x be 0/(5 - (2 + 2)). Suppose -5*v + 4*y + 152 = x, -v + 24 = -2*y - 2*y. Calculate the remainder when v is divided by 17.
15
Let h be -5 + 1 - (-82 + -1). Suppose 0 = 4*v - 2*i - 134, h = 2*v + 6*i - 3*i. Calculate the remainder when 104 is divided by v.
34
Suppose -2*k + 3321 = -5*c, -3*c - 4384 = -4*k + 2237. Calculate the remainder when k is divided by 21.
15
Calculate the remainder when 210 is divided by 12/(-17 + -7) - 93/(-2).
26
Let w(t) = t**2 + 21*t - 26. Let l be w(-23). Let r = -12 + l. What is the remainder when 31 is divided by r?
7
Calculate the remainder when ((-140)/(-25) - -4)/(6/40) is divided by 41.
23
Suppose -5*z - 5*y + 50 = 0, y - 14 = -z - 2*y. What is the remainder when 127 is divided by z?
7
Suppose 5*i + 4*i = 45. What is the remainder when i is divided by 3?
2
Let m(l) = l - 28. Let p(r) = -r + 27. Let c(y) = 3*m(y) + 4*p(y). Suppose 12*z - 28 - 128 = 0. Calculate the remainder when c(0) is divided by z.
11
Let u be -4 - 1/((-4)/28). Suppose -2*q - u*q + 19 = -b, q = -b + 5. Let o(w) = -w**2 + 6*w + 4. Calculate the remainder when o(5) is divided by q.
1
Suppose 9*k - 499 = 356. What is the remainder when 373 is divided by k?
88
Let z = 60 - 27. Let t = 42 - z. Calculate the remainder when 31 is divided by t.
4
Let y = -1031 - -1071. Calculate the remainder when 137 is divided by y.
17
Let u = 106 - 35. Let v = 516 - 477. Calculate the remainder when u is divided by v.
32
Suppose 5*r - 35 = -2*x, 4*x = 5*r + 27 + 28. Suppose 3*o + 0*o = x. Let h(b) = -b**3 + 7*b**2 - 4*b + 5. What is the remainder when h(o) is divided by 12?
11
Let r(m) = 18*m**3 + 2*m**2 - m. What is the remainder when r(1) is divided by 6?
1
Suppose -17*d = -260 + 90. What is the remainder when 49 is divided by d?
9
Suppose -86 = 4*t - 4*n + 5*n, -4*n - 8 = 0. Let z(h) = -10*h - 64. What is the remainder when z(t) is divided by 30?
26
Suppose -2*a - 4*h = -68, -4*a - 2*h + 7*